[INFO] cloning repository https://github.com/vcashorg/vcash
[INFO] running `Command { std: "git" "-c" "credential.helper=" "-c" "credential.helper=/workspace/cargo-home/bin/git-credential-null" "clone" "--bare" "https://github.com/vcashorg/vcash" "/workspace/cache/git-repos/https%3A%2F%2Fgithub.com%2Fvcashorg%2Fvcash", kill_on_drop: false }`
[INFO] [stderr] Cloning into bare repository '/workspace/cache/git-repos/https%3A%2F%2Fgithub.com%2Fvcashorg%2Fvcash'...
[INFO] running `Command { std: "git" "rev-parse" "HEAD", kill_on_drop: false }`
[INFO] [stdout] 20a50feb4f5f0fdc8beb476ff39ac06eb74db3b6
[INFO] checking vcashorg/vcash against try#72f88fc4e9458f89516a0b8b0868f3718aec5b47 for pr-74989
[INFO] running `Command { std: "git" "clone" "/workspace/cache/git-repos/https%3A%2F%2Fgithub.com%2Fvcashorg%2Fvcash" "/workspace/builds/worker-6/source", kill_on_drop: false }`
[INFO] [stderr] Cloning into '/workspace/builds/worker-6/source'...
[INFO] [stderr] done.
[INFO] validating manifest of git repo https://github.com/vcashorg/vcash on toolchain 72f88fc4e9458f89516a0b8b0868f3718aec5b47
[INFO] running `Command { std: "/workspace/cargo-home/bin/cargo" "+72f88fc4e9458f89516a0b8b0868f3718aec5b47" "read-manifest" "--manifest-path" "Cargo.toml", kill_on_drop: false }`
[INFO] removed /workspace/builds/worker-6/source/.cargo/config
[INFO] started tweaking git repo https://github.com/vcashorg/vcash
[INFO] removed workspace from git repo https://github.com/vcashorg/vcash
[INFO] removed path dependency grin_api from git repo https://github.com/vcashorg/vcash
[INFO] removed path dependency grin_chain from git repo https://github.com/vcashorg/vcash
[INFO] removed path dependency grin_config from git repo https://github.com/vcashorg/vcash
[INFO] removed path dependency grin_core from git repo https://github.com/vcashorg/vcash
[INFO] removed path dependency grin_keychain from git repo https://github.com/vcashorg/vcash
[INFO] removed path dependency grin_p2p from git repo https://github.com/vcashorg/vcash
[INFO] removed path dependency grin_servers from git repo https://github.com/vcashorg/vcash
[INFO] removed path dependency grin_util from git repo https://github.com/vcashorg/vcash
[INFO] removed path dependency grin_chain from git repo https://github.com/vcashorg/vcash
[INFO] removed path dependency grin_store from git repo https://github.com/vcashorg/vcash
[INFO] finished tweaking git repo https://github.com/vcashorg/vcash
[INFO] tweaked toml for git repo https://github.com/vcashorg/vcash written to /workspace/builds/worker-6/source/Cargo.toml
[INFO] crate git repo https://github.com/vcashorg/vcash already has a lockfile, it will not be regenerated
[INFO] running `Command { std: "/workspace/cargo-home/bin/cargo" "+72f88fc4e9458f89516a0b8b0868f3718aec5b47" "fetch" "--locked" "--manifest-path" "Cargo.toml", kill_on_drop: false }`
[INFO] [stderr]     Updating crates.io index
[INFO] [stderr] error: the lock file /workspace/builds/worker-6/source/Cargo.lock needs to be updated but --locked was passed to prevent this
[INFO] [stderr] If you want to try to generate the lock file without accessing the network, use the --offline flag.
[INFO] the lockfile is outdated, regenerating it
[INFO] running `Command { std: "/workspace/cargo-home/bin/cargo" "+72f88fc4e9458f89516a0b8b0868f3718aec5b47" "generate-lockfile" "--manifest-path" "Cargo.toml" "-Zno-index-update", kill_on_drop: false }`
[INFO] running `Command { std: "/workspace/cargo-home/bin/cargo" "+72f88fc4e9458f89516a0b8b0868f3718aec5b47" "fetch" "--locked" "--manifest-path" "Cargo.toml", kill_on_drop: false }`
[INFO] [stderr]  Downloading crates ...
[INFO] [stderr]   Downloaded num-complex v0.3.0
[INFO] [stderr]   Downloaded log-mdc v0.1.0
[INFO] [stderr]   Downloaded grin_pool v4.0.2
[INFO] [stderr]   Downloaded num v0.3.0
[INFO] [stderr]   Downloaded built v0.4.3
[INFO] [stderr]   Downloaded ctrlc v3.1.6
[INFO] [stderr]   Downloaded git2 v0.13.11
[INFO] [stderr]   Downloaded cursive_core v0.1.1
[INFO] [stderr]   Downloaded enumset v1.0.1
[INFO] [stderr]   Downloaded ahash v0.4.5
[INFO] [stderr]   Downloaded jsonrpc-core v10.1.0
[INFO] [stderr]   Downloaded tokio-io-timeout v0.4.0
[INFO] [stderr]   Downloaded enum-map v0.6.3
[INFO] [stderr]   Downloaded grin_api v4.0.2
[INFO] [stderr]   Downloaded arrayvec v0.3.25
[INFO] [stderr]   Downloaded zeroize_derive v0.9.3
[INFO] [stderr]   Downloaded log4rs v0.12.0
[INFO] [stderr]   Downloaded supercow v0.1.0
[INFO] [stderr]   Downloaded lmdb-zero v0.4.4
[INFO] [stderr]   Downloaded grin_keychain v4.0.2
[INFO] [stderr]   Downloaded grin_store v4.0.2
[INFO] [stderr]   Downloaded zeroize v0.9.3
[INFO] [stderr]   Downloaded libgit2-sys v0.12.13+1.0.1
[INFO] [stderr]   Downloaded pancurses v0.16.1
[INFO] [stderr]   Downloaded grin_util v4.0.2
[INFO] [stderr]   Downloaded grin_core v4.0.2
[INFO] [stderr]   Downloaded easy-jsonrpc-mw v0.5.4
[INFO] [stderr]   Downloaded pdcurses-sys v0.7.1
[INFO] [stderr]   Downloaded bindgen v0.52.0
[INFO] [stderr]   Downloaded croaring-sys-mw v0.4.5
[INFO] [stderr]   Downloaded liblmdb-sys v0.2.2
[INFO] [stderr]   Downloaded cargo-lock v4.0.1
[INFO] [stderr]   Downloaded grin_config v4.0.2
[INFO] [stderr]   Downloaded hmac v0.6.3
[INFO] [stderr]   Downloaded ripemd160 v0.7.0
[INFO] [stderr]   Downloaded pbkdf2 v0.2.3
[INFO] [stderr]   Downloaded grin_chain v4.0.2
[INFO] [stderr]   Downloaded rustls-native-certs v0.3.0
[INFO] [stderr]   Downloaded grin_secp256k1zkp v0.7.9
[INFO] [stderr]   Downloaded croaring-mw v0.4.5
[INFO] [stderr]   Downloaded crypto-mac v0.6.2
[INFO] [stderr]   Downloaded odds v0.2.26
[INFO] [stderr]   Downloaded serde-value v0.6.0
[INFO] [stderr]   Downloaded easy-jsonrpc-proc-macro-mw v0.5.1
[INFO] [stderr]   Downloaded grin_p2p v4.0.2
[INFO] [stderr]   Downloaded hyper-timeout v0.3.1
[INFO] [stderr]   Downloaded grin_servers v4.0.2
[INFO] running `Command { std: "docker" "create" "-v" "/var/lib/crater-agent-workspace/builds/worker-6/target:/opt/rustwide/target:rw,Z" "-v" "/var/lib/crater-agent-workspace/builds/worker-6/source:/opt/rustwide/workdir:ro,Z" "-v" "/var/lib/crater-agent-workspace/cargo-home:/opt/rustwide/cargo-home:ro,Z" "-v" "/var/lib/crater-agent-workspace/rustup-home:/opt/rustwide/rustup-home:ro,Z" "-e" "SOURCE_DIR=/opt/rustwide/workdir" "-e" "CARGO_TARGET_DIR=/opt/rustwide/target" "-e" "CARGO_HOME=/opt/rustwide/cargo-home" "-e" "RUSTUP_HOME=/opt/rustwide/rustup-home" "-w" "/opt/rustwide/workdir" "-m" "1610612736" "--user" "0:0" "--network" "none" "rustops/crates-build-env@sha256:d92eaeed33fa75130ca1ee6c8a01d1ffb62bac859dfdfb3450e3e5d1c0146529" "/opt/rustwide/cargo-home/bin/cargo" "+72f88fc4e9458f89516a0b8b0868f3718aec5b47" "metadata" "--no-deps" "--format-version=1", kill_on_drop: false }`
[INFO] [stdout] ba9b2cbc50ecf39348547bd42214954583834627052dc000c0b6885aeba39627
[INFO] [stderr] WARNING: Your kernel does not support swap limit capabilities or the cgroup is not mounted. Memory limited without swap.
[INFO] running `Command { std: "docker" "start" "-a" "ba9b2cbc50ecf39348547bd42214954583834627052dc000c0b6885aeba39627", kill_on_drop: false }`
[INFO] running `Command { std: "docker" "inspect" "ba9b2cbc50ecf39348547bd42214954583834627052dc000c0b6885aeba39627", kill_on_drop: false }`
[INFO] running `Command { std: "docker" "rm" "-f" "ba9b2cbc50ecf39348547bd42214954583834627052dc000c0b6885aeba39627", kill_on_drop: false }`
[INFO] [stdout] ba9b2cbc50ecf39348547bd42214954583834627052dc000c0b6885aeba39627
[INFO] running `Command { std: "docker" "create" "-v" "/var/lib/crater-agent-workspace/builds/worker-6/target:/opt/rustwide/target:rw,Z" "-v" "/var/lib/crater-agent-workspace/builds/worker-6/source:/opt/rustwide/workdir:ro,Z" "-v" "/var/lib/crater-agent-workspace/cargo-home:/opt/rustwide/cargo-home:ro,Z" "-v" "/var/lib/crater-agent-workspace/rustup-home:/opt/rustwide/rustup-home:ro,Z" "-e" "SOURCE_DIR=/opt/rustwide/workdir" "-e" "CARGO_TARGET_DIR=/opt/rustwide/target" "-e" "CARGO_INCREMENTAL=0" "-e" "RUST_BACKTRACE=full" "-e" "RUSTFLAGS=--cap-lints=forbid" "-e" "CARGO_HOME=/opt/rustwide/cargo-home" "-e" "RUSTUP_HOME=/opt/rustwide/rustup-home" "-w" "/opt/rustwide/workdir" "-m" "1610612736" "--user" "0:0" "--network" "none" "rustops/crates-build-env@sha256:d92eaeed33fa75130ca1ee6c8a01d1ffb62bac859dfdfb3450e3e5d1c0146529" "/opt/rustwide/cargo-home/bin/cargo" "+72f88fc4e9458f89516a0b8b0868f3718aec5b47" "check" "--frozen" "--all" "--all-targets" "--message-format=json", kill_on_drop: false }`
[INFO] [stdout] 3f837df4fbd3506ef1663c880ff5b7015c44582a534654420e02fa5b3a337fae
[INFO] [stderr] WARNING: Your kernel does not support swap limit capabilities or the cgroup is not mounted. Memory limited without swap.
[INFO] running `Command { std: "docker" "start" "-a" "3f837df4fbd3506ef1663c880ff5b7015c44582a534654420e02fa5b3a337fae", kill_on_drop: false }`
[INFO] [stderr]     Blocking waiting for file lock on package cache
[INFO] [stderr]    Compiling libc v0.2.77
[INFO] [stderr]    Compiling proc-macro2 v1.0.21
[INFO] [stderr]    Compiling syn v1.0.41
[INFO] [stderr]    Compiling serde_derive v1.0.116
[INFO] [stderr]    Compiling serde v1.0.116
[INFO] [stderr]    Compiling log v0.4.11
[INFO] [stderr]     Checking lazy_static v1.4.0
[INFO] [stderr]     Checking arc-swap v0.4.7
[INFO] [stderr]     Checking rand_core v0.4.2
[INFO] [stderr]    Compiling unicode-xid v0.1.0
[INFO] [stderr]    Compiling getrandom v0.1.15
[INFO] [stderr]    Compiling syn v0.15.44
[INFO] [stderr]     Checking once_cell v1.4.1
[INFO] [stderr]    Compiling glob v0.3.0
[INFO] [stderr]     Checking futures-core v0.3.5
[INFO] [stderr]    Compiling unicode-width v0.1.8
[INFO] [stderr]    Compiling regex-syntax v0.6.18
[INFO] [stderr]     Checking adler v0.2.3
[INFO] [stderr]    Compiling quick-error v1.2.3
[INFO] [stderr]     Checking nodrop v0.1.14
[INFO] [stderr]    Compiling bindgen v0.52.0
[INFO] [stderr]    Compiling yaml-rust v0.3.5
[INFO] [stderr]    Compiling vec_map v0.8.2
[INFO] [stderr]    Compiling strsim v0.8.0
[INFO] [stderr]    Compiling ansi_term v0.11.0
[INFO] [stderr]    Compiling termcolor v1.1.0
[INFO] [stderr]     Checking linked-hash-map v0.5.3
[INFO] [stderr]     Checking smallvec v1.4.2
[INFO] [stderr]     Checking constant_time_eq v0.1.5
[INFO] [stderr]    Compiling shlex v0.1.1
[INFO] [stderr]     Checking arrayref v0.3.6
[INFO] [stderr]    Compiling lazycell v1.3.0
[INFO] [stderr]     Checking futures-sink v0.3.5
[INFO] [stderr]    Compiling rustc-hash v1.1.0
[INFO] [stderr]     Checking gimli v0.22.0
[INFO] [stderr]    Compiling peeking_take_while v0.1.2
[INFO] [stderr]    Compiling arrayvec v0.4.12
[INFO] [stderr]     Checking odds v0.2.26
[INFO] [stderr]     Checking pin-project-lite v0.1.7
[INFO] [stderr]     Checking object v0.20.0
[INFO] [stderr]     Checking dtoa v0.4.6
[INFO] [stderr]    Compiling failure_derive v0.1.8
[INFO] [stderr]     Checking safemem v0.3.3
[INFO] [stderr]     Checking log-mdc v0.1.0
[INFO] [stderr]     Checking untrusted v0.7.1
[INFO] [stderr]     Checking spin v0.5.2
[INFO] [stderr]     Checking fake-simd v0.1.2
[INFO] [stderr]    Compiling gcc v0.3.55
[INFO] [stderr]     Checking base64 v0.12.3
[INFO] [stderr]     Checking ppv-lite86 v0.2.9
[INFO] [stderr]     Checking hashbrown v0.9.0
[INFO] [stderr]    Compiling tinyvec v0.3.4
[INFO] [stderr]    Compiling matches v0.1.8
[INFO] [stderr]     Checking siphasher v0.3.3
[INFO] [stderr]     Checking try-lock v0.2.3
[INFO] [stderr]    Compiling fnv v1.0.7
[INFO] [stderr]     Checking supercow v0.1.0
[INFO] [stderr]    Compiling strsim v0.9.3
[INFO] [stderr]     Checking base64 v0.11.0
[INFO] [stderr]    Compiling ident_case v1.0.1
[INFO] [stderr]     Checking remove_dir_all v0.5.3
[INFO] [stderr]     Checking tower-service v0.3.0
[INFO] [stderr]    Compiling percent-encoding v2.1.0
[INFO] [stderr]     Checking bit-vec v0.6.2
[INFO] [stderr]     Checking futures v0.1.29
[INFO] [stderr]     Checking array-macro v1.0.5
[INFO] [stderr]    Compiling nix v0.17.0
[INFO] [stderr]     Checking stable_deref_trait v1.2.0
[INFO] [stderr]     Checking xi-unicode v0.2.1
[INFO] [stderr]     Checking maplit v1.0.2
[INFO] [stderr]     Checking humansize v1.1.0
[INFO] [stderr]    Compiling miniz_oxide v0.4.2
[INFO] [stderr]    Compiling num-iter v0.1.41
[INFO] [stderr]    Compiling num-bigint v0.2.6
[INFO] [stderr]    Compiling num-rational v0.2.4
[INFO] [stderr]    Compiling num-complex v0.2.4
[INFO] [stderr]    Compiling indexmap v1.6.0
[INFO] [stderr]    Compiling crossbeam-utils v0.7.2
[INFO] [stderr]    Compiling nom v4.2.3
[INFO] [stderr]     Checking tracing-core v0.1.16
[INFO] [stderr]     Checking thread_local v1.0.1
[INFO] [stderr]     Checking futures-task v0.3.5
[INFO] [stderr]    Compiling textwrap v0.11.0
[INFO] [stderr]     Checking rand_core v0.3.1
[INFO] [stderr]     Checking rand_jitter v0.1.4
[INFO] [stderr]    Compiling humantime v1.3.0
[INFO] [stderr]     Checking block-buffer v0.3.3
[INFO] [stderr]     Checking futures-channel v0.3.5
[INFO] [stderr]     Checking yaml-rust v0.4.4
[INFO] [stderr]     Checking lru-cache v0.1.2
[INFO] [stderr]    Compiling unicode-bidi v0.3.4
[INFO] [stderr]    Compiling clang-sys v0.28.1
[INFO] [stderr]     Checking arrayvec v0.3.25
[INFO] [stderr]    Compiling unicode-normalization v0.1.13
[INFO] [stderr]     Checking owning_ref v0.4.1
[INFO] [stderr]    Compiling proc-macro2 v0.4.30
[INFO] [stderr]     Checking crc32fast v1.2.0
[INFO] [stderr]     Checking rand_xorshift v0.1.1
[INFO] [stderr]     Checking rand_hc v0.1.0
[INFO] [stderr]     Checking rand_isaac v0.1.1
[INFO] [stderr]     Checking http-body v0.3.1
[INFO] [stderr]    Compiling liblmdb-sys v0.2.2
[INFO] [stderr]    Compiling aho-corasick v0.7.13
[INFO] [stderr]     Checking rand_chacha v0.1.1
[INFO] [stderr]     Checking rand_pcg v0.1.2
[INFO] [stderr]     Checking generic-array v0.9.0
[INFO] [stderr]     Checking base64 v0.9.3
[INFO] [stderr]     Checking addr2line v0.13.0
[INFO] [stderr]     Checking ordered-float v1.1.0
[INFO] [stderr]     Checking num-traits v0.1.43
[INFO] [stderr]     Checking num-complex v0.3.0
[INFO] [stderr]    Compiling quote v0.6.13
[INFO] [stderr]     Checking blake2-rfc v0.2.18
[INFO] [stderr]    Compiling quote v1.0.7
[INFO] [stderr]     Checking digest v0.7.6
[INFO] [stderr]     Checking crypto-mac v0.6.2
[INFO] [stderr]    Compiling idna v0.2.0
[INFO] [stderr]     Checking enum_primitive v0.1.1
[INFO] [stderr]    Compiling regex v1.3.9
[INFO] [stderr]     Checking crossbeam-channel v0.4.4
[INFO] [stderr]     Checking sha2 v0.7.1
[INFO] [stderr]     Checking ripemd160 v0.7.0
[INFO] [stderr]     Checking hmac v0.6.3
[INFO] [stderr]     Checking time v0.1.44
[INFO] [stderr]     Checking signal-hook-registry v1.2.1
[INFO] [stderr]     Checking net2 v0.2.35
[INFO] [stderr]     Checking iovec v0.1.4
[INFO] [stderr]     Checking rand v0.5.6
[INFO] [stderr]     Checking parking_lot_core v0.7.2
[INFO] [stderr]     Checking rand_os v0.1.3
[INFO] [stderr]     Checking num_cpus v1.13.0
[INFO] [stderr]     Checking thread-id v3.3.0
[INFO] [stderr]     Checking backtrace v0.3.50
[INFO] [stderr]     Checking flate2 v1.0.17
[INFO] [stderr]     Checking memmap v0.7.0
[INFO] [stderr]     Checking socket2 v0.3.15
[INFO] [stderr]     Checking dirs-sys v0.3.5
[INFO] [stderr]     Checking fs2 v0.4.3
[INFO] [stderr]     Checking atty v0.2.14
[INFO] [stderr]     Checking term_size v0.3.2
[INFO] [stderr]     Checking num v0.3.0
[INFO] [stderr]    Compiling cexpr v0.3.6
[INFO] [stderr]    Compiling jobserver v0.1.21
[INFO] [stderr]    Compiling which v3.1.1
[INFO] [stderr]     Checking url v2.1.1
[INFO] [stderr]     Checking signal-hook v0.1.16
[INFO] [stderr]     Checking rand v0.6.5
[INFO] [stderr]     Checking parking_lot v0.10.2
[INFO] [stderr]     Checking rand_core v0.5.1
[INFO] [stderr]     Checking clap v2.33.3
[INFO] [stderr]     Checking dirs v2.0.2
[INFO] [stderr]    Compiling cc v1.0.59
[INFO] [stderr]    Compiling const-random-macro v0.1.8
[INFO] [stderr]     Checking rand_chacha v0.2.2
[INFO] [stderr]     Checking term v0.6.1
[INFO] [stderr]     Checking num v0.2.1
[INFO] [stderr]     Checking pbkdf2 v0.2.3
[INFO] [stderr]     Checking lmdb-zero v0.4.4
[INFO] [stderr]     Checking rand v0.7.3
[INFO] [stderr]     Checking const-random v0.1.8
[INFO] [stderr]     Checking ahash v0.4.5
[INFO] [stderr]     Checking ahash v0.3.8
[INFO] [stderr]    Compiling libloading v0.5.2
[INFO] [stderr]    Compiling grin_secp256k1zkp v0.7.9
[INFO] [stderr]    Compiling ring v0.16.15
[INFO] [stderr]    Compiling libz-sys v1.1.2
[INFO] [stderr]    Compiling libgit2-sys v0.12.13+1.0.1
[INFO] [stderr]    Compiling ncurses v5.99.0
[INFO] [stderr]     Checking tempfile v3.1.0
[INFO] [stderr]     Checking ctrlc v3.1.6
[INFO] [stderr]    Compiling synstructure v0.10.2
[INFO] [stderr]     Checking sct v0.6.0
[INFO] [stderr]     Checking webpki v0.21.3
[INFO] [stderr]     Checking ct-logs v0.6.0
[INFO] [stderr]    Compiling synstructure v0.12.4
[INFO] [stderr]    Compiling darling_core v0.10.2
[INFO] [stderr]    Compiling zeroize_derive v0.9.3
[INFO] [stderr]    Compiling easy-jsonrpc-proc-macro-mw v0.5.1
[INFO] [stderr]     Checking zeroize v0.9.3
[INFO] [stderr]    Compiling tokio-macros v0.2.5
[INFO] [stderr]    Compiling thiserror-impl v1.0.20
[INFO] [stderr]    Compiling pin-project-internal v0.4.23
[INFO] [stderr]    Compiling zeroize_derive v1.0.0
[INFO] [stderr]    Compiling futures-macro v0.3.5
[INFO] [stderr]    Compiling enum-map-derive v0.4.3
[INFO] [stderr]     Checking enum-map v0.6.3
[INFO] [stderr]    Compiling darling_macro v0.10.2
[INFO] [stderr]     Checking zeroize v1.1.0
[INFO] [stderr]     Checking failure v0.1.8
[INFO] [stderr]     Checking thiserror v1.0.20
[INFO] [stderr]     Checking zip v0.5.8
[INFO] [stderr]     Checking pin-project v0.4.23
[INFO] [stderr]     Checking futures-util v0.3.5
[INFO] [stderr]    Compiling darling v0.10.2
[INFO] [stderr]    Compiling enumset_derive v0.5.0
[INFO] [stderr]     Checking enumset v1.0.1
[INFO] [stderr]     Checking futures-executor v0.3.5
[INFO] [stderr]     Checking futures v0.3.5
[INFO] [stderr]     Checking serde_json v1.0.57
[INFO] [stderr]     Checking chrono v0.4.15
[INFO] [stderr]     Checking serde-value v0.6.0
[INFO] [stderr]     Checking serde_yaml v0.8.13
[INFO] [stderr]     Checking toml v0.5.6
[INFO] [stderr]     Checking mio v0.6.22
[INFO] [stderr]     Checking tracing v0.1.19
[INFO] [stderr]     Checking rustls v0.17.0
[INFO] [stderr]     Checking want v0.3.0
[INFO] [stderr]     Checking pancurses v0.16.1
[INFO] [stderr]    Compiling semver v0.9.0
[INFO] [stderr]     Checking mio-uds v0.6.8
[INFO] [stderr]    Compiling env_logger v0.7.1
[INFO] [stderr]    Compiling git2 v0.13.11
[INFO] [stderr]     Checking tokio v0.2.22
[INFO] [stderr]     Checking cursive_core v0.1.1
[INFO] [stderr]     Checking log4rs v0.12.0
[INFO] [stderr]     Checking jsonrpc-core v10.1.0
[INFO] [stderr]    Compiling cargo-lock v4.0.1
[INFO] [stderr]     Checking easy-jsonrpc-mw v0.5.4
[INFO] [stderr]     Checking grin_util v4.0.2
[INFO] [stderr]     Checking rustls-native-certs v0.3.0
[INFO] [stderr]     Checking grin_keychain v4.0.2
[INFO] [stderr]     Checking cursive v0.15.0
[INFO] [stderr]    Compiling built v0.4.3
[INFO] [stderr]    Compiling vcash v4.0.0 (/opt/rustwide/workdir)
[INFO] [stderr]     Checking tokio-util v0.3.1
[INFO] [stderr]     Checking tokio-rustls v0.13.1
[INFO] [stderr]     Checking tokio-io-timeout v0.4.0
[INFO] [stderr]     Checking tokio-util v0.2.0
[INFO] [stderr]     Checking h2 v0.2.6
[INFO] [stderr]    Compiling croaring-sys-mw v0.4.5
[INFO] [stderr]     Checking hyper v0.13.7
[INFO] [stderr]     Checking hyper-timeout v0.3.1
[INFO] [stderr]     Checking hyper-rustls v0.20.0
[INFO] [stderr]     Checking croaring-mw v0.4.5
[INFO] [stderr]     Checking grin_core v4.0.2
[INFO] [stderr]     Checking grin_store v4.0.2
[INFO] [stderr]     Checking grin_pool v4.0.2
[INFO] [stderr]     Checking grin_chain v4.0.2
[INFO] [stderr]     Checking grin_p2p v4.0.2
[INFO] [stderr]     Checking grin_api v4.0.2
[INFO] [stderr]     Checking grin_servers v4.0.2
[INFO] [stderr]     Checking grin_config v4.0.2
[INFO] [stdout] error[E0599]: no variant named `TxHashsetTokenRangeProofsValidation` found for enum `SyncStatus`
[INFO] [stdout]    --> src/bin/tui/status.rs:105:16
[INFO] [stdout]     |
[INFO] [stdout] 105 |             SyncStatus::TxHashsetTokenRangeProofsValidation {
[INFO] [stdout]     |                         ^^^^^^^^^^^^^^^^^^^^^^^^^^^^^^^^^^^ help: there is a variant with a similar name: `TxHashsetRangeProofsValidation`
[INFO] [stdout] 
[INFO] [stdout] 
[INFO] [stdout] error[E0599]: no variant named `TxHashsetTokenKernelsValidation` found for enum `SyncStatus`
[INFO] [stdout]    --> src/bin/tui/status.rs:119:16
[INFO] [stdout]     |
[INFO] [stdout] 119 |             SyncStatus::TxHashsetTokenKernelsValidation {
[INFO] [stdout]     |                         ^^^^^^^^^^^^^^^^^^^^^^^^^^^^^^^ help: there is a variant with a similar name: `TxHashsetKernelsValidation`
[INFO] [stdout] 
[INFO] [stdout] 
[INFO] [stdout] error: aborting due to 2 previous errors
[INFO] [stdout] 
[INFO] [stdout] 
[INFO] [stdout] For more information about this error, try `rustc --explain E0599`.
[INFO] [stdout] 
[INFO] [stderr] error: could not compile `vcash`.
[INFO] [stderr] 
[INFO] [stderr] To learn more, run the command again with --verbose.
[INFO] [stderr] warning: build failed, waiting for other jobs to finish...
[INFO] [stdout] error[E0599]: no variant named `TxHashsetTokenRangeProofsValidation` found for enum `SyncStatus`
[INFO] [stdout]    --> src/bin/tui/status.rs:105:16
[INFO] [stdout]     |
[INFO] [stdout] 105 |             SyncStatus::TxHashsetTokenRangeProofsValidation {
[INFO] [stdout]     |                         ^^^^^^^^^^^^^^^^^^^^^^^^^^^^^^^^^^^ help: there is a variant with a similar name: `TxHashsetRangeProofsValidation`
[INFO] [stdout] 
[INFO] [stdout] 
[INFO] [stdout] error[E0599]: no variant named `TxHashsetTokenKernelsValidation` found for enum `SyncStatus`
[INFO] [stdout]    --> src/bin/tui/status.rs:119:16
[INFO] [stdout]     |
[INFO] [stdout] 119 |             SyncStatus::TxHashsetTokenKernelsValidation {
[INFO] [stdout]     |                         ^^^^^^^^^^^^^^^^^^^^^^^^^^^^^^^ help: there is a variant with a similar name: `TxHashsetKernelsValidation`
[INFO] [stdout] 
[INFO] [stdout] 
[INFO] [stdout] error: aborting due to 2 previous errors
[INFO] [stdout] 
[INFO] [stdout] 
[INFO] [stdout] For more information about this error, try `rustc --explain E0599`.
[INFO] [stdout] 
[INFO] [stderr] error: build failed
[INFO] running `Command { std: "docker" "inspect" "3f837df4fbd3506ef1663c880ff5b7015c44582a534654420e02fa5b3a337fae", kill_on_drop: false }`
[INFO] running `Command { std: "docker" "rm" "-f" "3f837df4fbd3506ef1663c880ff5b7015c44582a534654420e02fa5b3a337fae", kill_on_drop: false }`
[INFO] [stdout] 3f837df4fbd3506ef1663c880ff5b7015c44582a534654420e02fa5b3a337fae
